{"id":32,"date":"2021-11-01T15:01:16","date_gmt":"2021-11-01T15:01:16","guid":{"rendered":"https:\/\/anita-wagner.com\/?page_id=32"},"modified":"2024-06-17T09:24:32","modified_gmt":"2024-06-17T09:24:32","slug":"anita-2","status":"publish","type":"page","link":"https:\/\/anita-wagner.com\/en\/anita-2\/","title":{"rendered":"Anita"},"content":{"rendered":"<div class=\"wp-block-columns is-layout-flex wp-container-core-columns-is-layout-9d6595d7 wp-block-columns-is-layout-flex\">\n<div class=\"wp-block-column is-layout-flow wp-block-column-is-layout-flow\" style=\"flex-basis:66.66%\">\n<p>Bewegung war schon immer meine Leidenschaft. 2011, als ich f\u00fcr ein paar Monate in Chile war, lernte ich durch Yoga und Acro-Yoga meinen K\u00f6rper nochmal auf andere Art und Weise kennen. Die Faszination f\u00fcr das subtile Sp\u00fcren und Erleben meiner inneren Empfindungen, die dabei entstand, ist bis heute geblieben. W\u00e4hrend meines Cognitive Science Studiums entdeckte ich meine Begeisterung f\u00fcr Ber\u00fchrung, vor allem f\u00fcr das Geben von Massagen.&nbsp;&nbsp;<\/p>\n\n\n\n<p>In den letzten Jahren erweiterte sich mein Erleben von \u201cIch denke, also bin ich\u201d (Descartes) um \u201cIch f\u00fchle, also bin ich\u201d (Damasio). Dennoch glaube ich das mehr als Denken und F\u00fchlen zu dem Grund unseres Daseins geh\u00f6ren. N\u00e4mlich das einfache Sein. Versuchte ich fr\u00fcher, auch mit dem Hintergrund meines Studiums, mich selbst und andere haupts\u00e4chlich rational zu verstehen, lernte ich durch F\u00fchlen und Sp\u00fcren in andere Tiefen einzutauchen.&nbsp;<\/p>\n\n\n\n<p>Die Techniken, der inneren Teilearbeit (Internal Family Systems), die ich 2019 kennenlernen durfte, erlaubten mir es auf einer neuen Ebene meinen Verstand und mein K\u00f6rperbewusstsein zu verbinden. Ich begann meine Mitmenschen und ihre Verhaltensmuster besser zu begreifen und auf einer tieferen Ebene mitzuschwingen. Diese Arbeit er\u00f6ffnete mir neben der M\u00f6glichkeit mit Feinheit und Pr\u00e4zision alte Verhaltensmuster zu betrachten, auch neue Dimensionen meines eigenen Erlebens. Kraftvolle Ruhe, weite Offenheit und zugewandte Neugierde sind f\u00fcr mich die Grundpfeiler meiner Sessions.<\/p>\n<\/div>\n\n\n\n<div class=\"wp-block-column is-vertically-aligned-top is-layout-flow wp-block-column-is-layout-flow\" style=\"flex-basis:33.33%\">\n<figure class=\"wp-block-image size-large is-resized\"><img fetchpriority=\"high\" decoding=\"async\" width=\"1024\" height=\"576\" src=\"https:\/\/anita-wagner.com\/wp-content\/uploads\/2024\/01\/photo_5210965979675341876_y-1024x576.jpg\" alt=\"\" class=\"wp-image-164\" style=\"width:344px;height:auto\" srcset=\"https:\/\/anita-wagner.com\/wp-content\/uploads\/2024\/01\/photo_5210965979675341876_y-1024x576.jpg 1024w, https:\/\/anita-wagner.com\/wp-content\/uploads\/2024\/01\/photo_5210965979675341876_y-300x169.jpg 300w, https:\/\/anita-wagner.com\/wp-content\/uploads\/2024\/01\/photo_5210965979675341876_y-768x432.jpg 768w, https:\/\/anita-wagner.com\/wp-content\/uploads\/2024\/01\/photo_5210965979675341876_y-18x10.jpg 18w, https:\/\/anita-wagner.com\/wp-content\/uploads\/2024\/01\/photo_5210965979675341876_y.jpg 1280w\" sizes=\"(max-width: 1024px) 100vw, 1024px\" \/><\/figure>\n<\/div>\n<\/div>\n\n\n\n<div class=\"wp-block-columns is-layout-flex wp-container-core-columns-is-layout-9d6595d7 wp-block-columns-is-layout-flex\">\n<div class=\"wp-block-column is-layout-flow wp-block-column-is-layout-flow\" style=\"flex-basis:33.33%\">\n<figure class=\"wp-block-image size-large is-resized\"><img decoding=\"async\" width=\"769\" height=\"1024\" src=\"https:\/\/anita-wagner.com\/wp-content\/uploads\/2021\/11\/P1200029-1-769x1024.jpg\" alt=\"\" class=\"wp-image-81\" style=\"width:175px;height:233px\" srcset=\"https:\/\/anita-wagner.com\/wp-content\/uploads\/2021\/11\/P1200029-1-769x1024.jpg 769w, https:\/\/anita-wagner.com\/wp-content\/uploads\/2021\/11\/P1200029-1-225x300.jpg 225w, https:\/\/anita-wagner.com\/wp-content\/uploads\/2021\/11\/P1200029-1-768x1023.jpg 768w, https:\/\/anita-wagner.com\/wp-content\/uploads\/2021\/11\/P1200029-1-1153x1536.jpg 1153w, https:\/\/anita-wagner.com\/wp-content\/uploads\/2021\/11\/P1200029-1-1538x2048.jpg 1538w, https:\/\/anita-wagner.com\/wp-content\/uploads\/2021\/11\/P1200029-1-scaled.jpg 1922w\" sizes=\"(max-width: 769px) 100vw, 769px\" \/><\/figure>\n<\/div>\n\n\n\n<div class=\"wp-block-column is-layout-flow wp-block-column-is-layout-flow\" style=\"flex-basis:66.66%\">\n<p><strong>Hintergr\u00fcnde f\u00fcr meine Arbeit:<\/strong><\/p>\n\n\n\n<ul class=\"wp-block-list\">\n<li>Organisieren und Leiten diverser Gruppen (Sport, Jugendarbeit, Meditation, Massage&#8230;)<\/li>\n\n\n\n<li>seit 2016 diverse Thai-Massage Kurse<\/li>\n\n\n\n<li>Thanatologie &amp; Integrated Cranial Biodynamics mit Rosemary Wallace<\/li>\n\n\n\n<li>seit 2017 Holistic Bodywork Ausbildung nach dem BeaumArt Konzept<\/li>\n\n\n\n<li>Unfolding Self Kurs mit Lucas Forstmeyer<\/li>\n\n\n\n<li>M.Sc. in Cognitive Science an der Universit\u00e4t Osnabr\u00fcck<\/li>\n<\/ul>\n<\/div>\n<\/div>\n\n\n\n<p><\/p>","protected":false},"excerpt":{"rendered":"<p>Bewegung war schon immer meine Leidenschaft. 2011, als ich f\u00fcr ein paar Monate in Chile war, lernte ich durch Yoga und Acro-Yoga meinen K\u00f6rper nochmal auf andere Art und Weise kennen. Die Faszination f\u00fcr das subtile Sp\u00fcren und Erleben meiner inneren Empfindungen, die dabei entstand, ist bis heute geblieben. W\u00e4hrend meines Cognitive Science Studiums entdeckte [&hellip;]<\/p>","protected":false},"author":1,"featured_media":0,"parent":0,"menu_order":0,"comment_status":"closed","ping_status":"closed","template":"","meta":{"footnotes":""},"class_list":["post-32","page","type-page","status-publish","hentry","entry"],"_links":{"self":[{"href":"https:\/\/anita-wagner.com\/en\/wp-json\/wp\/v2\/pages\/32","targetHints":{"allow":["GET"]}}],"collection":[{"href":"https:\/\/anita-wagner.com\/en\/wp-json\/wp\/v2\/pages"}],"about":[{"href":"https:\/\/anita-wagner.com\/en\/wp-json\/wp\/v2\/types\/page"}],"author":[{"embeddable":true,"href":"https:\/\/anita-wagner.com\/en\/wp-json\/wp\/v2\/users\/1"}],"replies":[{"embeddable":true,"href":"https:\/\/anita-wagner.com\/en\/wp-json\/wp\/v2\/comments?post=32"}],"version-history":[{"count":8,"href":"https:\/\/anita-wagner.com\/en\/wp-json\/wp\/v2\/pages\/32\/revisions"}],"predecessor-version":[{"id":175,"href":"https:\/\/anita-wagner.com\/en\/wp-json\/wp\/v2\/pages\/32\/revisions\/175"}],"wp:attachment":[{"href":"https:\/\/anita-wagner.com\/en\/wp-json\/wp\/v2\/media?parent=32"}],"curies":[{"name":"wp","href":"https:\/\/api.w.org\/{rel}","templated":true}]}}

<div class="wp-block-columns is-layout-flex wp-container-core-columns-is-layout-9d6595d7 wp-block-columns-is-layout-flex">
<div class="wp-block-column is-layout-flow wp-block-column-is-layout-flow" style="flex-basis:66.66%">
<p>Bewegung war schon immer meine Leidenschaft. 2011, als ich für ein paar Monate in Chile war, lernte ich durch Yoga und Acro-Yoga meinen Körper nochmal auf andere Art und Weise kennen. Die Faszination für das subtile Spüren und Erleben meiner inneren Empfindungen, die dabei entstand, ist bis heute geblieben. Während meines Cognitive Science Studiums entdeckte ich meine Begeisterung für Berührung, vor allem für das Geben von Massagen.&nbsp;&nbsp;</p>



<p>In den letzten Jahren erweiterte sich mein Erleben von “Ich denke, also bin ich” (Descartes) um “Ich fühle, also bin ich” (Damasio). Dennoch glaube ich das mehr als Denken und Fühlen zu dem Grund unseres Daseins gehören. Nämlich das einfache Sein. Versuchte ich früher, auch mit dem Hintergrund meines Studiums, mich selbst und andere hauptsächlich rational zu verstehen, lernte ich durch Fühlen und Spüren in andere Tiefen einzutauchen.&nbsp;</p>



<p>Die Techniken, der inneren Teilearbeit (Internal Family Systems), die ich 2019 kennenlernen durfte, erlaubten mir es auf einer neuen Ebene meinen Verstand und mein Körperbewusstsein zu verbinden. Ich begann meine Mitmenschen und ihre Verhaltensmuster besser zu begreifen und auf einer tieferen Ebene mitzuschwingen. Diese Arbeit eröffnete mir neben der Möglichkeit mit Feinheit und Präzision alte Verhaltensmuster zu betrachten, auch neue Dimensionen meines eigenen Erlebens. Kraftvolle Ruhe, weite Offenheit und zugewandte Neugierde sind für mich die Grundpfeiler meiner Sessions.</p>
</div>



<div class="wp-block-column is-vertically-aligned-top is-layout-flow wp-block-column-is-layout-flow" style="flex-basis:33.33%">
<figure class="wp-block-image size-large is-resized"><img fetchpriority="high" decoding="async" width="1024" height="576" src="https://anita-wagner.com/wp-content/uploads/2024/01/photo_5210965979675341876_y-1024x576.jpg" alt="" class="wp-image-164" style="width:344px;height:auto" srcset="https://anita-wagner.com/wp-content/uploads/2024/01/photo_5210965979675341876_y-1024x576.jpg 1024w, https://anita-wagner.com/wp-content/uploads/2024/01/photo_5210965979675341876_y-300x169.jpg 300w, https://anita-wagner.com/wp-content/uploads/2024/01/photo_5210965979675341876_y-768x432.jpg 768w, https://anita-wagner.com/wp-content/uploads/2024/01/photo_5210965979675341876_y-18x10.jpg 18w, https://anita-wagner.com/wp-content/uploads/2024/01/photo_5210965979675341876_y.jpg 1280w" sizes="(max-width: 1024px) 100vw, 1024px" /></figure>
</div>
</div>



<div class="wp-block-columns is-layout-flex wp-container-core-columns-is-layout-9d6595d7 wp-block-columns-is-layout-flex">
<div class="wp-block-column is-layout-flow wp-block-column-is-layout-flow" style="flex-basis:33.33%">
<figure class="wp-block-image size-large is-resized"><img decoding="async" width="769" height="1024" src="https://anita-wagner.com/wp-content/uploads/2021/11/P1200029-1-769x1024.jpg" alt="" class="wp-image-81" style="width:175px;height:233px" srcset="https://anita-wagner.com/wp-content/uploads/2021/11/P1200029-1-769x1024.jpg 769w, https://anita-wagner.com/wp-content/uploads/2021/11/P1200029-1-225x300.jpg 225w, https://anita-wagner.com/wp-content/uploads/2021/11/P1200029-1-768x1023.jpg 768w, https://anita-wagner.com/wp-content/uploads/2021/11/P1200029-1-1153x1536.jpg 1153w, https://anita-wagner.com/wp-content/uploads/2021/11/P1200029-1-1538x2048.jpg 1538w, https://anita-wagner.com/wp-content/uploads/2021/11/P1200029-1-scaled.jpg 1922w" sizes="(max-width: 769px) 100vw, 769px" /></figure>
</div>



<div class="wp-block-column is-layout-flow wp-block-column-is-layout-flow" style="flex-basis:66.66%">
<p><strong>Hintergründe für meine Arbeit:</strong></p>



<ul class="wp-block-list">
<li>Organisieren und Leiten diverser Gruppen (Sport, Jugendarbeit, Meditation, Massage&#8230;)</li>



<li>seit 2016 diverse Thai-Massage Kurse</li>



<li>Thanatologie &amp; Integrated Cranial Biodynamics mit Rosemary Wallace</li>



<li>seit 2017 Holistic Bodywork Ausbildung nach dem BeaumArt Konzept</li>



<li>Unfolding Self Kurs mit Lucas Forstmeyer</li>



<li>M.Sc. in Cognitive Science an der Universität Osnabrück</li>
</ul>
</div>
</div>



<p></p>

<p>Bewegung war schon immer meine Leidenschaft. 2011, als ich für ein paar Monate in Chile war, lernte ich durch Yoga und Acro-Yoga meinen Körper nochmal auf andere Art und Weise kennen. Die Faszination für das subtile Spüren und Erleben meiner inneren Empfindungen, die dabei entstand, ist bis heute geblieben. Während meines Cognitive Science Studiums entdeckte [&hellip;]</p>
